mine a(d).
0
Let f(j) = -136*j + 102. Let d(n) = n - 1. Let z(k) = -102*d(k) - f(k). Calculate z(-1).
-34
Let x(l) = -2*l**2 + 2*l. Let h(g) = 8*g**2 - 32 - 7*g + 60 - 29. Let s(d) = 2*h(d) + 9*x(d). Give s(2).
-2
Let r(n) = n**2 - 20*n - 24. Let f be r(21). Let t(m) = 10*m - 1. Give t(f).
-31
Suppose 68 = -9*j + 11*j. Let t be j/(-10) + 63/(-105). Let l(y) = -y**2 - 5*y - 2. Determine l(t).
2
Let t(c) = -c**2 - 7*c - 5. Let q be ((-2)/17 - (-4530)/(-510)) + 4. What is t(q)?
5
Let z = 3 - -6. Suppose 3 = o + 5*y, 4*y = -4*o + o + z. Let t be (20/15)/(2/o). Let u(g) = -2*g + 3. What is u(t)?
-1
Suppose 3*r + 0*r - 177 = 0. Let z be r/5 + 15/75. Let d = -7 + z. Let i(o) = -o**3 + 4*o**2 + 7*o - 2. Calculate i(d).
8
Let a be 63/(-84) - 1/4. Let c(y) = 0 + 1 + 0*y + 5*y + y. Determine c(a).
-5
Let r = 2 - -3. Suppose 2*p + 2 = -2*c + 4*c, -r*c + 2 = -4*p. Let m(j) be the third derivative of -j**5/30 - j**4/6 - j**3/6 - j**2. Give m(p).
-7
Let p = 23 + -22. Let b(l) be the first derivative of 2*l**3 + l**2/2 - l + 2. Let t be b(p). Let n(u) = -2*u + 8. Determine n(t).
-4
Let d be (2*(-35)/(-42))/((-1)/(-3)). Let h(o) = 6*o**2 - 9*o - 6. Let b(i) = 7*i**2 - 10*i - 7. Let p(r) = 5*b(r) - 6*h(r). Give p(d).
-4
Let s(p) = -4*p + 2*p**2 - 3 + 4 - p**2. Let h = -10 + 14. Determine s(h).
1
Let o(s) = s + 3. Let w be o(-5). Let h(a) = -a + 6. Let i be h(4). Let q(n) = i - 2 - n + 2 + 2*n**2. Determine q(w).
12
Let n(o) = o**2 - o + 3. Let g = 120 + -120. Determine n(g).
3
Let a(h) = -4*h - 10. Let o(b) = -b - 1. Let i(r) = a(r) - 10*o(r). Suppose 0 = l - 5, -4*w = -0*w + 3*l - 19. What is i(w)?
6
Let f be (-13)/(-5) - (-6)/15. Let x(r) be the third derivative of -1/120*r**6 + 2/3*r**3 - 1/12*r**4 + 0 + 0*r + 1/20*r**5 - 18*r**2. Calculate x(f).
-2
Let l(m) = -m**3 - 3*m**2 + m - 1. Let k(w) = w**2 - w. Let u(o) = 5*k(o) + 2*l(o). Calculate u(-2).
16
Suppose 0 = -3*p - 3*a + 10 - 4, -5*p + 3*a + 50 = 0. Let w(q) = -q**3 + 6*q**2 + 4*q + 16. Calculate w(p).
-5
Let f(s) be the second derivative of -s**7/2520 + s**6/720 - s**5/120 - 11*s**4/6 - 11*s. Let w(b) be the third derivative of f(b). What is w(3)?
-7
Let h(f) be the second derivative of 1/12*f**4 - f**2 + f - 1/6*f**3 + 0. Calculate h(-2).
4
Let x(w) = -w**2 - w - 1. Suppose -2*t - 150 = -3*s, -s + t = -46 - 4. Let q be (80/s)/((-2)/(-10)). Let c(a) = a**2 - 10*a + 14. Let i be c(q). Give x(i).
-3
Let w(b) = -2*b - 12. Suppose -7*u = -2*u + 65. Let l = u - -5. Determine w(l).
4
Let v(t) = -292*t - 5 - 3 + 291*t. What is v(-10)?
2
Suppose 0 - 7 = -h. Let m(j) = 0 - 16 - 8 - j + 23. Calculate m(h).
-8
Suppose 6*t - 5*t = -4. Let p(b) = -2*b - 3. Let h(c) = 2*c + 4. Let f(v) = t*h(v) - 5*p(v). Give f(4).
7
Let p be 6 - (-2 + 5 + -3). Let s(g) be the first derivative of -g**2 + 9*g + 51. Determine s(p).
-3
Suppose -n - 90 = -19*n. Let p(r) = -r**2 + 6*r. Determine p(n).
5
Let w be -9 - -2 - (-4 + -11). Let y(u) = -3*u + 24. Calculate y(w).
0
Let g(z) = -6*z**2. Let c = 69 + -70. Give g(c).
-6
Let v = 2 - 4. Let q(l) = -4*l**3 + 5*l**3 + 2*l**2 + 1 + 40*l - 2 - 41*l - 1. Determine q(v).
0
Suppose 4*g - 2*h + 28 = 0, 3*g - 5*h = -1 - 6. Let x(n) = -n. Calculate x(g).
9
Let n = 10 + -4. Let c(s) be the second derivative of -s**4/12 + s**3 + 5*s**2/2 + 721*s. Determine c(n).
5
Let b(n) be the second derivative of n**4/12 - 2*n**3/3 + n**2/2 - 14*n. Calculate b(3).
-2
Let j(o) = -5*o**2 + 52*o - 92. Let s be j(8). Let h(d) be the first derivative of -1/4*d**s - 7/2*d**2 - 7 - 2*d**3 - 5*d. What is h(-4)?
-9
Suppose 0 = -4*q + 3*v, 13 = -2*q + 5*q + v. Suppose q*n + 2*n = -2*c + 6, 36 = 5*c + 2*n. Let b(p) = p**2 - 7*p - 2. Determine b(c).
6
Let t(x) = -x**3 - 5*x**2 - 3*x - 3. Let m(o) be the first derivative of -o**4/4 + 11*o**3/3 - 4*o**2 - 24*o + 8. Let v be m(10). Give t(v).
-7
Let b = 235 + -217. Suppose -b = -3*i - 3*c, -34 = 2*i - 7*i - c. Let l(h) = 3 + h**3 - 12*h + 0*h**3 - 6*h**2 + 4*h. Calculate l(i).
-4
Let m(i) be the third derivative of -i**6/120 + 7*i**5/60 - i**4/3 + i**3 - 4*i**2. Let z be m(6). Let q(a) = a**2 + 3*a - 5. What is q(z)?
13
Let x(r) be the first derivative of 399 - 352 - 2*r**2 + r + 17*r**2. Calculate x(-1).
-29
Let r(o) be the second derivative of -o**4/6 - o**3/3 + o**2/2 - 96*o. Determine r(-2).
-3
Let u(l) = -11*l**2 - 1545888*l**3 + 1545887*l**3 - 15*l + 5*l. Calculate u(-10).
0
Let o(r) = 3*r**2 + 1 - 2 - 4*r**2 + 2 - 7*r. Let m be (-1)/3 + (-221)/39. What is o(m)?
7
Let y(p) = -45*p + 2 + 47*p - 2 - 3. Let q(w) = -w**2 + 11*w + 16. Let u be q(12). What is y(u)?
5
Let h(z) be the first derivative of -z**3/3 + 5*z**2 + 4*z - 46. Determine h(10).
4
Let w(n) = -5*n**2 - 3*n**2 - 4*n - n**3 + 11 + 2*n**2. Let x be w(-5). Let d(k) = k**3 - 7*k**2 + 5*k. Calculate d(x).
-6
Let r(f) be the second derivative of 6*f + f**3 + 0 - 1/2*f**2. What is r(1)?
5
Let t(h) = 9*h + 0 - 7*h - 3 + 5*h. Suppose -21 = 2*u - 5*y, 2*u - 4*u + 14 = 2*y. Give t(u).
11
Let t be 2/4*(1 - -3). Suppose 5*v - 4*g = 4, t*v + 2*g + 5 = -3*g. Let s(n) be the second derivative of -n**3/6 - 5*n**2/2 + 7*n. Calculate s(v).
-5
Suppose 4*d = d + 264. Let c(b) = -89 - b**3 - 4*b**2 + d + 2*b**3. Determine c(4).
-1
Let l(n) = n**3 - 6*n**2 + 2*n + 12. Suppose -70*f + 40*f + 150 = 0. Calculate l(f).
-3
Suppose -164 = -80*x + 76. Let q(l) = -7*l - 5. Give q(x).
-26
Let d(l) = -3 + 7*l**3 + 0*l**2 + l**3 - l**3 - 2*l - 5*l**3 + 2*l**2. What is d(-2)?
-7
Let l(m) = -m**2 + 4*m. Let t(q) = -q + 1. Let x = -85 + 81. Let u(i) = x*t(i) - l(i). Let o be ((-12)/10)/((-4)/10). Calculate u(o).
5
Let s(l) = -37*l**3 - 24*l**2 - 11*l + 117. Let a(v) = 10*v**3 + 6*v**2 + 3*v - 29. Let k(g) = -11*a(g) - 3*s(g). Calculate k(-5).
-7
Let t(w) be the third derivative of -w**6/120 - 2*w**5/15 + 5*w**4/24 + 2*w**3 - 20*w**2 - 2. Determine t(-9).
48
Let k(q) be the first derivative of q**4/2 - 2*q**3 + 7*q**2/2 - 5*q - 272. Calculate k(4).
55
Let c(h) = 0*h - 4 + 7*h - 5*h**2 - h**3 + 3. Suppose 118 = -3*k + 283. Suppose 19 = 6*g + k. What is c(g)?
-7
Let g(h) = -5*h + 52. Let d be g(9). Let u(m) = -6*m**3 - 3*m**3 - 11*m - d - 11*m**2 - 5*m**3 + 15*m**3. Determine u(12).
5
Let d = -42 + 25. Let x(r) = 6*r - 3. Let g(q) = 2*q - 1. Let v(w) = d*g(w) + 6*x(w). Suppose -14 - 10 = -4*n. Determine v(n).
11
Suppose t + y + 1 = 0, 4*y + 16 = t - 2*t. Suppose -t*v = 3 - 11. Let o be -2*((-15)/v)/(-3). Let n(c) = -c**2 - 5*c - 5. Calculate n(o).
-5
Let u(p) be the second derivative of 11*p**4/6 - p**3/3 + p**2/2 + p - 18. Determine u(1).
21
Let t(o) = o**2 + 2. Let a(p) = -p**2 - 10*p. Let h be a(-8). Let v = h + -10. Suppose 0 = -4*u + 4*w + 12, v*u - 3*w - 15 = u. Calculate t(u).
11
Let y(h) be the first derivative of 1/2*h**2 + h - 30. What is y(-3)?
-2
Let v(i) = -i + 0*i + 729*i**2 - 1 - 728*i**2. Suppose -4*t = -0*t. Let x = 2 + t. What is v(x)?
1
Suppose -20*w = -15*w - 10. Let v(p) = p**3 - 6*p**2 - w*p + 5 + 5*p - p. What is v(6)?
17
Let i(z) = z**2 - 10*z - 27. Let n(s) = 2*s**2 - 22*s - 55. Let a(o) = 13*i(o) - 6*n(o). Determine a(-5).
-6
Let d(l) = 22*l + 7. Let q(g) = 19*g + 8. Let w(j) = 5*d(j) - 6*q(j). Determine w(-3).
-1
Let n(i) = 8*i**2 + 117*i - 34. Let d be n(-15). Let a(x) = -4*x + 32. Determine a(d).
-12
Let r(b) = -51 + b**2 + 5*b + 51 - 5*b. What is r(5)?
25
Let i(c) = c - 5. Let p(k) = 2*k + 2. Let m be p(-1). Give i(m).
-5
Let n(g) = -4*g - 1 + 8*g + 2*g - 1. Let w = -13 - -10. Let f = 1 + w. Calculate n(f).
-14
Let q(h) = -h - 1. Let g(o) = -6*o**2 - 20*o + 7. Let a be g(-4). What is q(a)?
8
Let p(d) = -d + 4*d - 6*d - 11 + 5*d - 4*d. Determine p(-9).
7
Let t(q) = -841 - q**3 + 0*q**3 + 843 + 3*q**2 - 5*q**2. Give t(2).
-14
Let p(x) = 9*x + 42. Let g be p(-5). Let k(a) = 9*a**3 - a**2 - 2*a + 3. Let h(j) = 8*j**3 - j**2 - j + 2. Let q(m) = g*h(m) + 2*k(m). Give q(1).
-6
Let h(b) be the first derivative of b**4/24 + 11*b**3/6 - 15*b**2/2 + 22. Let g(k) be the second derivative of h(k). Calculate g(-10).
1
Let i(d) = -d**2 - 8*d + 2. Let o be i(-8). Let a(j) be the third derivative of j**5/12 - j**4/8 + j**3/6 - 38*j**2 - 1. Calculate a(o).
15
Let s(l) = -321*l - 2*l**2 + 6*l**2 + 315*l + 16 - 3*l**2. Give s(5).
11
Let k be (3 + -2)*(-1 + 15). Let w(x) = 10*x - 2*x + k*x**3 - 15*x**3 + 8*x**2 - 3*x**2 - 1. Let b(a)